factors of x.
13, 41
Let y be (-2)/(-8)*(-16 + 20). What are the prime factors of 197 - -27 - (8/(-2))/y?
2, 3, 19
Let y = 40 - 37. Let l be (3 - 2)*(-1 - -32)*y. Suppose 432 = 5*c - l. List the prime factors of c.
3, 5, 7
Let i(y) = -y**2 - 6*y + 1. Let x be i(-8). Let h be 10/25 + 6/x. Let g(c) = -c**3 + 2*c + 229. What are the prime factors of g(h)?
229
Let o be 294/8*80/(-2). Let j = o + 2108. List the prime factors of j.
2, 11, 29
Suppose 111*i - 109*i - 4*r = 28398, -r + 71050 = 5*i. What are the prime factors of i?
13, 1093
Suppose -3*c + 2*v + 378 = c, 290 = 3*c + 5*v. Suppose 652 - c = 2*l - w, 566 = 2*l + 2*w. What are the prime factors of l?
2, 5, 7
Let w(l) = -101*l**2 + 136*l**2 + 14 - 8 - 4*l. What are the prime factors of w(-3)?
3, 37
Suppose i - 5*l = -0*i + 30, 0 = 5*i + 5*l - 120. Suppose 4*t - i = -t. Suppose -5*m = 3*w - 566, -2*w - 1 = -t. List the prime factors of m.
2, 7
Let y be ((-4)/5)/((-8)/(-440)). Let x = -20 - y. Let l = 28 - x. List the prime factors of l.
2
Let l be 2/19 - (-465)/95. Suppose 2760 + 718 = l*u + d, 0 = d + 2. Suppose -4*a + u = -a. What are the prime factors of a?
2, 29
Let y(v) = 3*v**2 + 47*v - 474. What are the prime factors of y(42)?
2, 3, 283
Let a(j) = 711*j + 360. Let n be a(11). Suppose 5*o = -4*l + 4475 + 2078, 4*o + n = 5*l. List the prime factors of l.
1637
Let y(g) = -g**3 + 8*g**2 + 11*g - 4. Let k be 352/40 - 1*1/(-5). List the prime factors of y(k).
2, 7
Let c(a) be the third derivative of -7*a**4/24 - 6*a**3 + a**2. Suppose 5*b - 8 = -w, -4*w + 61 = -7*w + 2*b. List the prime factors of c(w).
83
Suppose 4*m - 2*d + 20 - 62 = 0, -5*d + 75 = 5*m. List the prime factors of 512/m*9 + -3.
3, 127
Suppose 0 = -4*i - i - 1810. List the prime factors of i/7*(-28)/1.
2, 181
Suppose -2*d - 2428 + 41 = -5*n, 2*d + 2407 = n. Let v = 1903 + d. What are the prime factors of v?
17, 41
Suppose 0 = 6*a - 77 + 29. Suppose -a*n + 165 = -3*n. Suppose z - 6 = n. What are the prime factors of z?
3, 13
Let d = -11787 - -21782. List the prime factors of d.
5, 1999
Suppose -20*r + 5*b + 2 = -21*r, 0 = 5*b + 15. Let s(v) = 9*v**2 + 6*v + 94. What are the prime factors of s(r)?
1693
Let o(v) = -5*v**2 + 18*v + 10. Let t be o(5). List the prime factors of (75/t)/((-6)/236).
2, 59
Suppose -33*h + 138*h - 169525 = 252995. What are the prime factors of h?
2, 503
What are the prime factors of (1/(-1 + 2))/(67/543370)?
2, 5, 811
Let g = -74 - -164. Suppose 41 = 4*q + 6*w - w, 16 = 2*q - 2*w. Suppose q = x - g. List the prime factors of x.
3, 11
Let z(q) = 6871*q**2 + 42*q + 1. List the prime factors of z(1).
2, 3457
Suppose -t = 4*p - 3*p - 6, -p - 24 = -5*t. Suppose 76 - 81 = -t*o. List the prime factors of (-4944)/(-33) - (o - (-39)/(-33)).
2, 3, 5
Let v = 1794 - -672. List the prime factors of v.
2, 3, 137
Let l(u) = 2*u**2 + 26*u + 33. Let i(f) = -2*f**2 + 3*f + 49. Let y be i(-5). List the prime factors of l(y).
3, 43
Let z(f) be the second derivative of f**5/20 + f**4/4 + 17*f**3/6 - 75*f**2/2 + 9*f - 16. List the prime factors of z(6).
3, 13
Suppose -75*h + 920311 = 4861. What are the prime factors of h?
2, 17, 359
Let n(h) = 48*h**2 - 53*h - 463. List the prime factors of n(-10).
31, 157
Let a(n) = -154*n + 203. Let m be a(-9). Suppose 15*y - m = 8*y. List the prime factors of y.
227
Suppose -209*f = -216*f + 245. Let z = f + 227. List the prime factors of z.
2, 131
Suppose 3874640 = 602*a - 162*a. List the prime factors of a.
2, 7, 17, 37
Suppose 5*a = -o - 4 - 50, 2*o + 8 = 0. What are the prime factors of (-5804)/a + 20/(900/27)?
7, 83
Let y(t) = 250 - 64*t - 42*t + 122*t - 62. What are the prime factors of y(0)?
2, 47
What are the prime factors of (17079/(-6))/((-39)/546)?
7, 5693
Let f = -595 + 376. List the prime factors of (f/4)/(44/(-352)).
2, 3, 73
Suppose -103 = -5*m - 3. Let b = m - 44. What are the prime factors of (b/(-14))/((-14)/(-1127) + 0)?
2, 3, 23
Let m(q) = q**2 + 11*q - 40. Let u be m(-14). Suppose -p - 3*p - 4*d + 1544 = 0, u*d = -4*p + 1542. What are the prime factors of p?
5, 7, 11
What are the prime factors of (8 + 91/13 + 1)*4495?
2, 5, 29, 31
Suppose 2*a + 1419 - 53 = 0. Let l = -372 - a. What are the prime factors of l?
311
Let u = 23 - -23. Let o = u - 47. Let f = o + 35. What are the prime factors of f?
2, 17
Suppose 8 = -24*l + 26*l. Suppose 0 = 5*b + l*a - 426, 11*a = 3*b + 13*a - 254. What are the prime factors of b?
2, 41
Let u = -33 - -39. Suppose -44 = -2*s + u. Suppose 18*v = 13*v + s. List the prime factors of v.
5
Let w = -11 - -33. Suppose 6*v - w + 4 = 0. Suppose 0 = v*c - c - 188. What are the prime factors of c?
2, 47
Suppose 0 = -5*l + 9*l + 22*l - 291252. What are the prime factors of l?
2, 3, 1867
Suppose -221775 = 57*x - 82*x. What are the prime factors of x?
3, 2957
Let v = -1 + 225. Let q = v - 201. What are the prime factors of q?
23
Let z = -123 - -5. Let u = z + 49. Let t = u + 84. What are the prime factors of t?
3, 5
Let h(w) = -2*w**3 - 49*w**2 - 23*w - 22. List the prime factors of h(-41).
2, 3, 13, 241
Let p(y) = -y + 7. Let c be p(0). Let q(m) = 0*m**2 - m**2 + 8*m + 0*m**2 + 1. What are the prime factors of q(c)?
2
Let f = 7 + -23. Suppose 22*u - 42*u = -100. What are the prime factors of 1 + (f/u)/(6/(-15))?
3
What are the prime factors of (18/4 - 3/6)*(4793 + -10)?
2, 4783
Let y = 1026 + 1593. What are the prime factors of y?
3, 97
Let c(q) = -q**3 - 34*q**2 - 45*q + 62. List the prime factors of c(-36).
2, 2137
Suppose -15 = 9*u - 12*u. Let s(q) = q**3 - 4*q**2 + 7*q - 3. List the prime factors of s(u).
3, 19
Let w(j) = 317*j**2 + 10*j + 13. Let d be w(-2). What are the prime factors of (d/(-65))/(2/(-30))?
3, 97
List the prime factors of ((-3923)/3)/(11/((-462)/14)).
3923
Let s(y) = 3*y - 3. Let c be s(5). Let m(k) = 20 - 6357*k + 12720*k - 6357*k. What are the prime factors of m(c)?
2, 23
Let w(c) = -c**3 + 8*c**2 + 7*c + 23. Let f be w(9). Suppose 0 = -m - f, 1694 = 2*v + 9*m - 11*m. What are the prime factors of v?
2, 421
Let p(q) = -q**3 + 2*q**2 + q - 1. Let h be p(-1). Let v be (h*(-14 + 4))/(-1 - 1). Suppose -5*m = -3*l + 27, -1 - v = -2*m. List the prime factors of l.
2, 7
Let j = 1801 + 5572. List the prime factors of j.
73, 101
Suppose 5*f = -22*l + 17*l + 51290, -4*l + 41031 = 3*f. What are the prime factors of l?
3, 13, 263
Let l be (3 - 26/(-6))*-15. Let y = l + 503. Suppose -y = 11*p - 14*p. What are the prime factors of p?
131
Let r be (-66)/(-15) - 78/(-130). What are the prime factors of r/(1 - 21) - (-11967)/12?
997
Let c = -962 + 5106. What are the prime factors of c?
2, 7, 37
Let n(c) = c**2 + 3*c - 1. Let l be (-1)/(-7) - 228/(-21). Let x = l - 16. List the prime factors of n(x).
3
Let i(b) = -6*b - 31. Let h be i(-6). Suppose 11 = -h*f + 1. List the prime factors of 8/6*3*(-38)/f.
2, 19
Let l = -653 - -362. Let q = l - -496. What are the prime factors of q?
5, 41
Let n(y) = 4655*y + 1514. What are the prime factors of n(15)?
71339
Suppose -4*k - 211 = 3*w, 0 = 4*w + 4*k - 74 + 354. Let i = w + -7. What are the prime factors of i/(-3) - (5/(-3) + 1)?
2, 13
List the prime factors of ((-48)/(-24))/(-2 - -2 - 8/(-41092)).
10273
What are the prime factors of ((-9237)/(-3) - (-3 - -3))/1?
3079
Let u(w) = w**2 - 22 - 19 - 3*w - 3*w**3 + 37. List the prime factors of u(-4).
2, 3
Suppose -174*c + 9864448 = 52*c. List the prime factors of c.
2, 11, 31
Suppose 47*p + 4*p = 1628073. What are the prime factors of (-5)/(-20) - p/(-36)?
887
Suppose 2*n - 6*n = -84. Suppose -c - n = -2*l - 2*c, -3*l = -5*c - 38. Suppose -2*a + 7 = -l. List the prime factors of a.
3
Suppose 4*r - 52808 = -2*x, -26384 = -503*r + 501*r + 4*x. List the prime factors of r.
2, 3, 5, 11
Let l(c) = -22*c**3 + 9*c**2 + 43*c + 111. What are the prime factors of l(-6)?
3, 31, 53
Let g(r) = -37*r - 41. Let m be g(-9). Suppose -m = -7*w + 3*w + 2*q, -2*q + 276 = 4*w. List the prime factors of w.
71
Suppose -24311 = -10*b + 6319. What are the prime factors of b?
3, 1021
Let o = 270 - 185. Suppose 6416 = -o*i + 93*i. List the prime factors of i.
2, 401
Suppose 291*q = 288*q + 4440. Let i = q - 533. List the prime factors of i.
947
Let z(o) = 59*o + 119. Let h be z(-6). Let s = 689 + h. What are the prime factors of s?
2, 227
Suppose 11*g - 10*g = -2. List the prime 